hat is the hundreds digit of r?
2
Let r = 2525 - 1418. What is the tens digit of r?
0
Suppose -7*s = 7*s - 70. What is the tens digit of (390/3 - s) + 0 + 1?
2
Let m(v) be the first derivative of -v**4/4 - 13*v**3/3 - v**2 + 3*v + 3. What is the tens digit of m(-13)?
2
Suppose -2*b - 2 = -8. Suppose b*c + 5 = 2*l, -2*l - 3*l = 5*c - 25. Suppose 5*j - 171 = 2*m - l*m, -2*m - 126 = -4*j. What is the units digit of j?
3
Suppose -5*g = 5*h - 7420, 9841 = 5*g + h + 2409. What is the thousands digit of g?
1
Suppose 3*x + 39 = -0*o - 4*o, 4*o = -x - 29. Let g(h) = -2*h**3 - 6*h**2 - h - 13. What is the tens digit of g(o)?
0
Suppose 21677 + 3595 = 39*o. What is the hundreds digit of o?
6
Let n(g) = 4*g - 3. Let l be n(1). What is the tens digit of (973/(-14))/(l/2 + -1)?
3
Suppose 2*n = -5*i + 277 + 69, -2*n + i + 334 = 0. Suppose 2*a - 5*x = 96, -2*a - 4*x - n = -6*a. What is the units digit of a?
8
Suppose 0 = -2*w + 6, h = 4*h + w - 849. What is the hundreds digit of h?
2
Let d(u) = -u**2 - 11*u + 14. Let v be d(-12). Suppose a - 3 = v*a. What is the tens digit of (a - -13)*(-40)/(-25)?
1
Let k = -24 + 11. Let h = -16 - k. What is the tens digit of 21/(-14)*28/h?
1
Let t(b) = -b**3 + 12*b**2 - b + 38. Let z be t(12). Suppose 2*i - 56 = -5*v, -3*v + z = -4*i + 190. What is the tens digit of i?
3
Let b(k) = 4 - 7*k**2 + 20*k**2 - 5*k - 6*k**2. Let a be b(2). Suppose n - 3*n - o + 25 = 0, -4*o = 2*n - a. What is the tens digit of n?
1
What is the units digit of (-247077)/(-54) + 2*(-12)/(-16)?
7
Let a be (-1 - 1)/(-2)*2. Suppose -2*f = 10, a*s - f - 17 = 132. Let p = s - 49. What is the tens digit of p?
2
Let u(m) = -20*m**3 + 3*m**2 - 3*m + 4. Let g be u(-3). Suppose 247 = 2*j - k, 0 = 2*j - 7*j - 5*k + g. What is the hundreds digit of j?
1
Suppose -l + 341 = 21. Let y = 522 - l. What is the units digit of y?
2
Let d = 5 + -7. Let g be 88/9 - d/9. Suppose 2*j + 3*j + 2*r - 7 = 0, -2*j + r + g = 0. What is the units digit of j?
3
What is the tens digit of (1/(-1))/(-5 - (-11288)/2258)?
2
What is the hundreds digit of (-7 - 64/(-8)) + 237 + 1?
2
Suppose 4*u = 9*a - 7*a + 268, -269 = 2*a - 5*u. Let t = a - -157. What is the tens digit of t?
2
Let y be (-78)/(4*(-2)/12). Let d(u) = u**2 + 5*u - 35. Let l be d(12). Let j = l - y. What is the tens digit of j?
5
Let m(c) = -4 - 28*c + 2*c**3 - 3*c**2 - 9*c**2 + 29*c. What is the hundreds digit of m(7)?
1
Suppose -b - 19 = 2*m, 0 = -5*m + 3*b - 7*b - 49. Let z = m - -13. Suppose 0 = 4*a - z*t - 48, a = 2*t + 1 + 7. What is the tens digit of a?
1
Let v(j) be the third derivative of j**5/60 + j**4/6 + j**3 - j**2. Let i be 1*-7 - (1 - 3)*1. What is the tens digit of v(i)?
1
Let m(k) = 1161*k - 5. Let s be m(1). Suppose 2*i = 5*o + 446, s = 4*i - 2*o + 296. What is the hundreds digit of i?
2
Suppose -139*t - 11232 = -145*t. What is the tens digit of t?
7
Let p(k) be the first derivative of k**4/4 - 22*k**3/3 - 10*k**2 - 42*k - 12. What is the units digit of p(23)?
7
Suppose 58 = -28*r + 30*r. What is the hundreds digit of (-30)/(0 + -5)*r?
1
What is the tens digit of 13400/160 - (-2)/8?
8
Suppose -4*b - g + 3398 = 0, 3*b + 2*g - 881 - 1670 = 0. What is the tens digit of b?
4
Let n = 594 - 320. Let b = n + -184. What is the units digit of b?
0
Suppose 1474 = 4*x - 1342. What is the units digit of x?
4
Let s = -624 - -717. What is the units digit of s?
3
Suppose 17*p + 87 = 1209. What is the tens digit of p?
6
What is the hundreds digit of 1 + 2762 + (16 - 8) + -6?
7
Let q(k) = -2*k + 4. Let f be ((-3)/2)/((-6)/(-8)). Let u be (0/f)/((-12)/(-6)). What is the units digit of q(u)?
4
Suppose -5*u + 4 = 4*q, u - 5*u - 2*q + 2 = 0. Suppose -6 = -2*v, u = -3*k - 2*k - v + 353. What is the tens digit of k?
7
Suppose 2*i + 2*s - 42 = -2*i, -3*i + 2*s + 14 = 0. Suppose 4*d + 4*r - 3*r = 148, i = -2*r. What is the units digit of d?
8
Let h(d) = -d**3 - 3*d**2 - 2. Let z be h(3). Let j = z - -97. What is the units digit of j?
1
Let n(s) = s + 1. Let d be n(-5). Let y be ((-1)/(-2) - 21/(-2)) + 1. What is the tens digit of (-9)/(d/(y/1))?
2
What is the tens digit of 129122/98 - ((-12)/(-14))/(-2)?
1
Let n = 151 + -261. Let f = n - -182. What is the tens digit of f?
7
Let o = -284 + 485. What is the units digit of o?
1
Suppose 14*i = l + 19*i - 2123, 4*l - 8492 = -3*i. What is the units digit of l?
3
Let t(k) = -3*k + 1 + 0 + 5*k**2 + 2 + 3. What is the tens digit of t(4)?
7
What is the tens digit of 1435/4 - 1/8*-2?
5
Suppose 0 = o - 8*o + 35. Suppose o*j - 155 = -5*h, -121 = -4*h - 7*j + 2*j. What is the units digit of h?
4
Let x(l) = -7*l - 23*l - 1 - 1. What is the units digit of x(-2)?
8
Let t be ((-3501)/6)/(4/(-8)). Suppose u + 3*u = 5*v - t, u = -v + 228. What is the hundreds digit of v?
2
Suppose -4*g + 30 + 52 = -2*d, -3*g = -5*d - 184. Let i = d + 119. What is the tens digit of i?
8
Suppose -2 = 3*n + 22. What is the tens digit of (-96)/n + 4/1?
1
Suppose -2*d = -0 - 16. Let q(c) = 2*c**3 - 4 - 8*c**2 + c**3 + 4*c - 2*c**3. What is the tens digit of q(d)?
2
What is the tens digit of (-6)/81 - (-11 - 603055/135)?
7
Let y(g) = 11*g**3 + 35*g**2 + 11*g - 23. Let m(n) = 5*n**3 + 17*n**2 + 6*n - 12. Let h(u) = -13*m(u) + 6*y(u). What is the units digit of h(12)?
8
What is the tens digit of (261/58)/(3/82)?
2
Suppose -2*z = -5*g + g + 1472, -5*g = 2*z - 1831. What is the units digit of g?
7
Let v(j) = -27*j + 3. Let k(u) = 9*u - 1. Let a(n) = -7*k(n) - 2*v(n). What is the tens digit of a(-4)?
3
Suppose h - 512 = -7*h. Suppose 2*s + h = 212. What is the tens digit of s?
7
Let x(j) = -j**2 + 10*j - 6. Let c be x(9). Let n(b) = -2*b**2 + 3 - b**c + 0 - 5 - 2*b**3. What is the tens digit of n(-2)?
1
Suppose g + 677 = 1368. What is the units digit of g?
1
Let r(a) = -13*a - 95. Let z be r(-7). What is the hundreds digit of (-352)/(-33)*(-63)/z?
1
Let o be 6/2*3/(6 - -3). Suppose 2*s - 45 + o = 0. What is the units digit of s?
2
Suppose 2*v - 6*v - 3*b - 12 = 0, -3*v = 4*b + 9. Let a(k) = -5*k**3 - 7*k - 3. What is the tens digit of a(v)?
5
Suppose -637 = -8*l + 1179. What is the hundreds digit of l?
2
Suppose -x + 151 + 427 = -5*h, 3*h - 2*x + 344 = 0. Let c = h - -202. What is the tens digit of c?
8
Let j be 90/(-12)*(1 - (-10 + 1)). Let i = 165 + j. What is the tens digit of i?
9
Let a = -832 + 2624. What is the tens digit of a?
9
Suppose 0*y = a + 4*y + 18, -5*y - 27 = -a. Suppose -2*d + 54 = 4*c, c + 66 = 3*d + a*c. What is the units digit of 0 + (d - 3 - 2)?
6
Suppose u = -3*p + 493, -2*p - 26 = -22. What is the hundreds digit of u?
4
Suppose 3*b = 14*b - 88. What is the tens digit of 1 + -1 - (-175 + b)?
6
Let c(v) = -v**3 - v**2 - 2*v - 8. Let k be c(-4). Let s = 74 + k. What is the units digit of s?
2
Suppose -10*v + 824 + 5066 = 0. What is the tens digit of v?
8
Let j(s) = 103*s + 170. What is the tens digit of j(7)?
9
Let h(d) = 3*d**2 - 2*d + 1. Let y(r) = -r**2 - r - 1. Let u be y(-2). What is the tens digit of h(u)?
3
Let z(a) = 15*a**2 + 36*a - 193. What is the hundreds digit of z(14)?
2
What is the hundreds digit of (-5988)/(-9)*2/32*12?
4
Suppose 7*r - 2347 - 1832 = 0. What is the units digit of r?
7
Let n = -3 + -3. Let y(r) = 135*r - 400*r + 133*r + 130*r - 6. What is the units digit of y(n)?
6
Suppose 5*o + 75 = 115. Let q = o - -53. What is the units digit of q?
1
Let m(j) = -48*j - 39. Let q(g) = -47*g - 38. Let p(x) = -5*m(x) + 6*q(x). What is the hundreds digit of p(-6)?
2
Suppose 4*o - 4633 = -3*g, -5*o - 3*g + 5792 = g. Let j = o - 825. What is the tens digit of j?
3
Let g(v) be the third derivative of -1/24*v**4 + 1/30*v**5 + 0*v**3 - 2*v**2 + 0 + 0*v. What is the units digit of g(-3)?
1
Suppose -4*k - 24 = -8*k. Let z(j) = 2*j**2 + 1 - k*j**2 + 3*j**2 - 7 - 11*j. What is the tens digit of z(-5)?
2
Let c be 1/(-2)*(-1645 + -1). Let q = 1163 - c. Suppose q = 6*v - v. What is the tens digit of v?
6
Let q = 404 + 693. What is the hundreds digit of q?
0
Let x = 3489 + -2659. What is the tens digit of x?
3
Suppose -u + 2*f = -41, -3*u - f + 53 + 35 = 0. Let y = -2 + u. What is the tens digit of y?
2
Let c(r) = 263*r**2 - 54*r - 142. What is the units digit of c(-3)?
7
Let p = 690 + -564. What is the hundreds digit of p?
1
Let u = 2683 - -552. What is the thousands digit of u?
3
Let q = 1 - -1. Suppos